**3. Determine m(i).
5
Let s(q) = 5*q + 50. Let g = -747 - -737. What is s(g)?
0
Let q(i) = 4*i - 8 - 3*i**2 - 47 - i**3 + 103 - 47. Give q(0).
1
Let a(l) = -l**3 + 5*l**2 - l + 8. Suppose 13*y = -548 + 613. Determine a(y).
3
Let p(w) = 9*w**2 + 79*w + 86. Let m(g) = -8*g**2 - 67*g - 83. Let b(y) = 8*m(y) + 7*p(y). What is b(14)?
-20
Let g(k) be the second derivative of -k**5/20 + 3*k**4/4 - k**3 - 5*k**2 + 7233*k. Give g(9).
-64
Let w(s) = -1 + s**2 - 37*s - 9 + 42*s. Let r be w(-11). Let o = r + -50. Let i(d) = -d**2 + 5*d + 1. Determine i(o).
-5
Let t be 10/6*54/15. Suppose -2*o - 4*i + t = -2, 6 = -5*o + 3*i. Let d(v) = 3*v - 6. Let x(h) = -h. Let u(k) = d(k) + 4*x(k). Calculate u(o).
-6
Let c(b) = b**3 + 31*b**2 + 95*b + 4066. Let p be c(-32). Let a(v) = -v + 1. Let q be a(-1). Let l(o) = 0 - o**q - 1 - o**3 + 0*o**2. What is l(p)?
-13
Let f be (-6)/9*(-9)/2. Let s be (4/f)/((-14)/(-42)). Suppose s*w - 7 = -23. Let o(g) = 4*g + 5. Calculate o(w).
-11
Let r(p) = -9*p + 9. Let j(g) = 37*g - 38. Let z(v) = -2*j(v) - 9*r(v). Let b(c) = 15*c - 11. Let y(m) = -6*b(m) + 13*z(m). What is y(-11)?
-10
Let y = -6325 + 6338. Let x(n) = -n**3 + 14*n**2 - 12*n + 15. Give x(y).
28
Suppose -13*h - 7 = -20*h. Let c(a) = -5*a**3 - 5*a**2 - 7*a + 5. Let v(p) = -3*p**3 - 2*p**2 - 3*p + 2. Let k(w) = -2*c(w) + 5*v(w). Give k(h).
-6
Suppose j + 8*g = 6*g - 15, 3*g + 9 = 0. Let b(k) = k**3 + 10*k**2 + 5*k - 14. Calculate b(j).
22
Let n = 12 + -18. Let r be (-713)/(-138) + 1/n. Let y(i) = 1 - 4*i + 4 + 3*i - i. What is y(r)?
-5
Let y(g) be the third derivative of -g**7/5040 - g**6/48 - g**5/60 - 19*g**3/6 - 23*g**2 - 2*g. Let n(u) be the third derivative of y(u). Give n(0).
-15
Let r(g) = -4*g**2 - 6*g - 13. Let q(i) = -3*i**2 - 5*i - 12. Let w(m) = 5*q(m) - 4*r(m). Let x be (-6 - (-6 + 0)) + 4 + 0. Calculate w(x).
4
Let r(k) = k + 28. Let v(c) = c**2 - 135*c - 1293. Let s be v(-9). What is r(s)?
31
Let u(w) = w + 1. Let t(g) = g + 7. Let x be t(5). Suppose x = 5*r - 38. Suppose 3*c = 25 - r. What is u(c)?
6
Let z(r) = 2*r + 4. Let t be 12/(-20) - (-264)/15. Suppose -3*p + 4*m - t = 3*m, 0 = -3*p - 3*m + 3. What is z(p)?
-4
Let m(l) be the second derivative of l**3/6 - 11*l**2 - 14*l + 10. What is m(-8)?
-30
Let k be 8/(-2) + (3 - -57). Suppose -5*c + 2*a = -c - k, c - 14 = 2*a. Let x(m) = 17 + 4*m + c - 40 - 2*m. Give x(6).
3
Suppose 100*l - 16 = 96*l. Suppose 481*b + l = 479*b. Let k(f) = -11*f + 1. Give k(b).
23
Let w(d) = d**2 - 8*d + 10. Let t(b) = b**2 - 5*b + 10. Let k(n) = 4*t(n) - 3*w(n). Give k(-3).
7
Suppose 2*u - 4*u = -4*l - 42, 3*l = 5*u - 49. Let m(x) = x**3 + 10*x**2 + 14*x - 19. Determine m(l).
-3
Let g(k) = k + 2*k + 2 + 0 - 4*k. Suppose 9*p - 20 = 5*p. Let r be (p + -2)/(1 - 0). Give g(r).
-1
Let g(m) be the third derivative of 0 + 5/6*m**3 - 1/24*m**4 - 49*m**2 + 0*m. Calculate g(7).
-2
Let m = 118577 - 118583. Let n(t) = -2*t + 12 + t + 2*t. Determine n(m).
6
Let f(x) = -x**3 - 13*x**2 - 32*x - 17. Let b be f(-10). Let l(c) = -10 + 58*c + c**b + 3 - 57*c. Give l(0).
-7
Let o(t) be the second derivative of t**3/6 + 5*t**2/2 - 2*t. Suppose -26227*i = -26205*i + 220. Determine o(i).
-5
Suppose 24*k + 21*k + 245 = 10*k. Suppose 0 = 2*b - 4*b + 4. Let p(r) = -3 + 9*r - 8*r + b. Calculate p(k).
-8
Let o(n) = -117*n + 288*n - 3*n**3 - 173*n - 3. What is o(-2)?
25
Let u be ((-12 - -12)/((-10)/5))/3. Let t(j) = j**2 + 7*j + 2. Calculate t(u).
2
Let s(v) = 15*v**3 + 2*v**2 + 2 - 39*v**3 - 3*v + 6*v**3 + 12*v**3 + 24*v**3. Calculate s(1).
19
Suppose 2641 = 38*u + 18*u + 905. Let c(q) = q**2 - 31*q - 5. Determine c(u).
-5
Let m(h) = 197*h - 1 - 8 + 3*h**2 - 204*h - 3*h**2 - h**2. Suppose -2*r - 4*q - 18 = 0, 2*q = -2*r + 7 - 21. Calculate m(r).
1
Let v(i) be the first derivative of -i**3/3 - 5*i**2/2 + 4*i + 6. Let g(y) = 2*y**2 - 3*y + 2. Let h be g(-2). Let c = h - 21. Give v(c).
4
Let k(v) = v**3 + 6*v**2 - 5*v - 4. Let j be 2/((-4)/9)*(-724)/(-543). Calculate k(j).
26
Let p = 19 - 15. Suppose 0 = 17*g - 19*g + p. Suppose -1 + g = y. Let r(d) = -6*d**3 + 2*d**2 - 2*d + 1. Calculate r(y).
-5
Let p(z) be the first derivative of -18*z**2 - 147*z + 4560. What is p(-4)?
-3
Let r(k) be the third derivative of k**4/24 - k**3/3 + 116*k**2. Let a(c) = 6*c - 5. Let b(n) = -a(n) + 5*r(n). Give b(-8).
3
Let u be (-6)/(-18) + 2 + (-7)/21. Let m(o) be the second derivative of -1/20*o**5 + 0*o**3 + 0 + 1/2*o**u - o + 1/12*o**4. Give m(2).
-3
Let b(t) be the first derivative of 13*t**2 + 46*t + 6638. Calculate b(-2).
-6
Suppose 3*v + 26 - 11 = 0. Let f(g) = 3*g**3 - 11*g**2 - 10*g + 1. Let c(x) = -4*x**3 + 12*x**2 + 11*x. Let t(d) = -4*c(d) - 5*f(d). Determine t(v).
15
Let n(a) = 23*a**2 + 3*a + 113 - 112 - a - 6*a**2. Let x = -17 + 16. What is n(x)?
16
Let k(d) = -5*d**2 - 11*d + 32. Let a(o) = 12*o**2 + 20*o - 66. Let z(f) = 2*a(f) + 5*k(f). Determine z(-17).
-6
Suppose -3*y + 46 = 40. Let z(h) = 7*h**2 - 7*h - 11. Let m(p) = -2*p**2 + 2*p + 3. Suppose 14*f + 18 = 17*f. Let i(w) = f*z(w) + 22*m(w). What is i(y)?
-4
Let g(p) = 15*p - 56. Let f = -11984 + 11991. What is g(f)?
49
Let k(u) = u**2 + 9*u - 11. Suppose -6*s + 531 - 21 = 0. Let r = s + -95. Calculate k(r).
-1
Let s(l) = 20*l**2 + 9*l - 92. Let v(j) = 37*j**2 + 16*j - 178. Let c(o) = -11*s(o) + 6*v(o). Determine c(6).
-2
Let o(q) = -q**3 - 11*q**2 - 17*q - 38. Let g be o(-10). Suppose -9 = 2*l + 5*w - g, -l - 5*w = -19. Let y(t) = -1 - 1 - t + 0*t. What is y(l)?
-6
Let n(f) = 5*f**2 + 3*f + 1. Suppose 26*l = 32*l - 24. Suppose 4*g = 4, -5*g = l*x - 8*x - 13. What is n(x)?
15
Let r(l) = 5*l - 65. Let a(d) = d - 13. Let f(y) = -11*a(y) + 2*r(y). Let g be (54/12 + -4)*32. Suppose 2*m - 20 = -2*c, 4*m = 5*c - 6*c + g. What is f(c)?
5
Let o(f) = -1 - 3*f**3 - f - 6*f**3 + 0*f + f**2 + 8*f**3. Suppose 6 + 2 = 4*w. Determine o(w).
-7
Let b(z) = 84*z + 1. Let v(g) = -g**2 + 194*g. Let o(r) = 7*b(r) - 3*v(r). Calculate o(-2).
7
Let c = -662 + 672. Let q(x) = -c*x**2 + 3*x**3 - 2*x**3 + 6 - 50*x + 19*x + 8*x + 10*x. Determine q(11).
-16
Let w = 3 - -2. Let t(j) = 37*j**3 - 4*j**2 - 5*j - 13. Let s(x) = -40*x**3 + 4*x**2 + 5*x + 14. Let n(i) = -12*s(i) - 13*t(i). What is n(w)?
1
Let r(i) = -160*i - 1119. Let s be r(-7). Let q(h) = -h + 2. Determine q(s).
1
Let z be (-44)/60 + 2/6 - (-559)/(-65). Let u(j) = 3*j**3 + 27*j**2 - 1. What is u(z)?
-1
Let y(v) = -2*v**2 + 4*v - 2. Suppose 0 = -6*j + 29 + 25. Let d be 6/(-2) + j + -4. Give y(d).
-2
Suppose 1751*j = 1834*j - 1909. Let g(s) = 16*s - 363. Determine g(j).
5
Let w(l) = -l**3 + 6*l**2 - 18. Suppose -21*b - 947 = -1115. Determine w(b).
-146
Let r(t) = -2*t**2 + 2*t - 2. Let b(a) = -9*a**2 + 10*a - 11. Let y(f) = 3*b(f) - 14*r(f). Suppose -10 = -3*l + 2. Calculate y(l).
19
Let j(l) = 4*l + l**3 - 4*l**2 + 5*l**2 + 5*l + 8*l**2 + 3. Let k be 104/28 - (-2)/(-21)*-3. Let u be (-8)/((-1 + k)*1/3). What is j(u)?
-5
Suppose f + 38*d = 35*d - 11, 4*f = 3*d + 16. Let h(y) = -34*y**2 - 6*y + 6. What is h(f)?
-34
Suppose -2*r + 3*r - 7 = -4*o, 3*r = o - 18. Let d(g) be the first derivative of -g**2 - 9*g - 9947. Give d(r).
1
Let j(k) be the third derivative of k**5/60 + k**4/6 + 23*k**3/6 - 307*k**2. What is j(0)?
23
Suppose -205*l - w + 14 = -208*l, -2*w = -3*l - 19. Suppose 0 = -2*a + a + 5*v + 5, 5*v = 3*a - 5. Let u(j) = 0*j - 4 - 2*j + a*j. What is u(l)?
2
Let g(x) = -4*x - 929*x**2 + 30 + 1851*x**2 + 7*x + 9*x - 923*x**2. Determine g(14).
2
Let z(y) = 4*y - 1. Let d(b) = b + 6. Let l(j) = j + 7. Let r(a) = 7*d(a) - 6*l(a). Let c(t) = -7*r(t) + 2*z(t). What is c(5)?
3
Let d(s) = -s**3 + 16*s**2 - 54*s - 5. Let y(a) = -a**3 - 6*a**2 + 8*a + 59. Let q be y(-6). Give d(q).
6
Let c = -291 - -284. Let u(q) be the second derivative of -q**3/6 - q**2/2 + 8*q. Let j(x) = -5*x - 3. Let y(s) = j(s) - 4*u(s). Determine y(c).
8
Let g(i) be the second derivative of i**4/6 - i**3 - 4*i**2 - 30*i. Let z be g(-3). Let f(l) = 48*l - 6 - 2 - z*l - 22*l. Determine f(-8).
8
Let m(i) = 9*i + 1. Let c = 1390 - 1394. Calculate m(c).
-35
Let v(n) = -27*n**2 - 124*n + 58. Let a be v(-5). Let w(c) = -c**3 + 2*c**2 + 14. What is w(a)?
5
Suppose 5*k - 31 = -2*d, k - 2*d + 26 = 5*k. Suppose -k*y = -3*o - 80, -y = 3*o + 2*o - 44. Let n(p) = -y + 3*p + 7 + 16. What is n(-7)?
-17
Suppose -2*a + 6*